191 a composite number?
True
Is 21751 prime?
True
Is 3148333 prime?
True
Is 53297 composite?
True
Is 21467 a prime number?
True
Is 44771 prime?
True
Is 107671 a composite number?
False
Is 51251 a composite number?
True
Is 16913 prime?
False
Is 684887 a prime number?
False
Is 71697 composite?
True
Is 3046 composite?
True
Is 151783 prime?
True
Is 20017 a composite number?
True
Is 66707 composite?
True
Is 38621 a prime number?
False
Is 30309 composite?
True
Is 102347 composite?
True
Is 40631 a composite number?
True
Is 181979 a prime number?
False
Is 48049 composite?
False
Is 26083 a prime number?
True
Is 11681 composite?
False
Is 7411 prime?
True
Is 916733 composite?
False
Is 7907 prime?
True
Is 6159 prime?
False
Is 184823 a prime number?
True
Is 54029 prime?
False
Is 40429 composite?
False
Is 22871 prime?
True
Is 45007 prime?
True
Is 1212769 prime?
True
Is 236983 a prime number?
True
Is 2333 a prime number?
True
Is 835 a prime number?
False
Is 166987 a composite number?
False
Is 135514 a composite number?
True
Is 57299 composite?
True
Is 46685 a composite number?
True
Is 42923 prime?
True
Is 3737 composite?
True
Is 92179 prime?
True
Is 2019 composite?
True
Is 4751 prime?
True
Is 909679 a prime number?
True
Is 1189847 composite?
True
Is 59773 prime?
False
Is 143223 composite?
True
Is 70639 composite?
False
Is 5729 prime?
False
Is 124757 composite?
True
Is 59611 a prime number?
True
Is 839671 a composite number?
True
Is 2426 composite?
True
Is 7237 composite?
False
Is 20471 a composite number?
True
Is 192155 a prime number?
False
Is 10942 a composite number?
True
Is 114527 a prime number?
False
Is 19613 composite?
True
Is 1103437 a prime number?
True
Is 12361 composite?
True
Is 179153 prime?
False
Is 254519 composite?
False
Is 218189 composite?
True
Is 332611 composite?
False
Is 56359 a prime number?
True
Is 391 prime?
False
Is 35078 a composite number?
True
Is 10739 prime?
True
Is 17657 composite?
False
Is 146291 a prime number?
True
Is 206699 a composite number?
False
Is 861197 prime?
False
Is 481447 a composite number?
False
Is 339467 prime?
True
Is 18539 a prime number?
True
Is 2333747 prime?
False
Is 339689 a composite number?
True
Is 459577 a composite number?
True
Is 13789 a composite number?
False
Is 713935 composite?
True
Is 1875217 a prime number?
False
Is 44521 composite?
True
Is 9041 composite?
False
Is 20201 composite?
False
Is 554569 composite?
False
Is 681337 prime?
True
Is 4197 a prime number?
False
Is 7135 composite?
True
Is 21871 a prime number?
True
Is 18797 a composite number?
False
Is 14863 prime?
False
Is 3053 composite?
True
Is 45647 prime?
False
Is 1092191 prime?
True
Is 1720891 a composite number?
True
Is 6271 prime?
True
Is 1777999 prime?
False
Is 18839 prime?
True
Is 21367 a composite number?
True
Is 496997 a prime number?
True
Is 324355 a prime number?
False
Is 75817 a composite number?
True
Is 5507 a prime number?
True
Is 24569 a prime number?
False
Is 73669 a prime number?
False
Is 8653 a composite number?
True
Is 187307 composite?
True
Is 79817 a prime number?
True
Is 80477 prime?
False
Is 131231 composite?
False
Is 802727 prime?
False
Is 2250163 a prime number?
True
Is 453229 a composite number?
True
Is 223 a composite number?
False
Is 8939 composite?
True
Is 1385921 prime?
True
Is 467459 composite?
True
Is 2253 composite?
True
Is 273601 a composite number?
False
Is 2318341 a prime number?
False
Is 95701 prime?
True
Is 199973 prime?
False
Is 36131 a composite number?
False
Is 986189 prime?
True
Is 3983 prime?
False
Is 92915 a composite number?
True
Is 25733 composite?
False
Is 19103 composite?
True
Is 1726 a composite number?
True
Is 109973 composite?
True
Is 185291 a prime number?
True
Is 392569 prime?
True
Is 1399 a composite number?
False
Is 42335 a composite number?
True
Is 114743 a prime number?
True
Is 46711 a prime number?
False
Is 669757 a composite number?
True
Is 85331 prime?
True
Is 18953 prime?
False
Is 3086693 a composite number?
False
Is 943127 composite?
False
Is 155391 a composite number?
True
Is 58246 prime?
False
Is 12242 a composite number?
True
Is 5517779 prime?
True
Is 22511 prime?
True
Is 11015 composite?
True
Is 3529499 composite?
False
Is 13309 composite?
False
Is 12809 composite?
False
Is 2621845 composite?
True
Is 77447 a composite number?
False
Is 1724999 a composite number?
False
Is 1812037 a composite number?
False
Is 1909 a composite number?
True
Is 1163 a composite number?
False
Is 160007 prime?
False
Is 52795 a prime number?
False
Is 54121 prime?
True
Is 195907 prime?
True
Is 173249 prime?
True
Is 10799 composite?
False
Is 24547 composite?
False
Is 116489 composite?
True
Is 17879 composite?
True
Is 149269 a prime number?
True
Is 55 a composite number?
True
Is 601637 a prime number?
False
Is 617189 a prime number?
True
Is 4397 a composite number?
False
Is 22051 composite?
False
Is 698077 composite?
False
Is 684815 a prime number?
False
Is 338843 a prime number?
False
Is 175951 composite?
True
Is 756869 composite?
False
Is 3049 prime?
True
Is 701 a composite number?
False
Is 252277 composite?
False
Is 38383 composite?
True
Is 1349 a composite number?
True
Is 42779 a composite number?
True
Is 11777 a composite number?
False
Is 78133 composite?
True
Is 108119 a prime number?
False
Is 22961 a prime number?
True
Is 2827 prime?
False
Is 5509 composite?
True
Is 1151 composite?
False
Is 140821 a composite number?
True
Is 10519 a composite number?
True
Is 9091 composite?
False
Is 919 a prime number?
True
Is 1067 a prime number?
False
Is 62581 a prime number?
True
Is 28687 composite?
False
Is 488191 a prime number?
False
Is 733793 composite?
False
Is 4351 a prime number?
False
Is 226843 composite?
False
Is 16163 composite?
True
Is 226511 a composite number?
False
Is 261823 composite?
False
Is 967 a prime number?
True
Is 1011103 a composite number?
True
Is 16087 a composite number?
False
Is 2181227 a composite number?
False
Is 421493 a prime number?
True
Is 2203 composite?
False
Is 607859 a composite number?
True
Is 355757 composite?
True
Is 203969 composite?
False
Is 2429 a prime number?
False
Is 282767 a prime number?
True
Is 40927 composite?
False
Is 157901 a prime number?
True
Is 27163 a prime number?
False
Is 324391 a prime number?
True
Is 17219 a prime number?
False
Is 39929 composite?
False
Is 115043 a composite number?
True
Is 14923 prime?
True
Is 5961 prime?
False
Is 60569 prime?
False
Is 27173 prime?
False
Is 60141 a prime number?
False
Is 212623 a prime number?
False
Is 64187 composite?
False
Is 8813 prime?
False
Is 16015 composite?
True
Is 43661 prime?
True
Is 7321 a prime number?
True
Is 23233 a composite number?
True
Is 739 prime?
True
Is 29471 a composite number?
True
Is 3183 composite?
True
Is 380483 a prime number?
True
Is 10666 composite?
True
Is 5287 composite?
True
Is 25111 prime?
True
Is 15971 prime?
True
Is 3505 a prime number?
False
Is 3389 a prime number?
True
Is 919 a prime number?
True
Is 202171 a prime number?
False
Is 2935 prime?
False
Is 1777 a prime number?
True
Is 5659091 a composite number?
False
Is 847871 a composite number?
False
Is 29123 prime?
True
Is 418823 a composite number?
True
Is 2472107 a prime number?
False
Is 51841 a prime number?
False
Is 37931 a prime number?
False
Is 3845 a prime number?
False
Is 774427 a composite number?
False
Is 1343483 composite?
True
Is 445289 a prime number?
False
Is 12283 prime?
False
Is 424871 a prime number?
False
Is 1226 a composite number?
True
Is 17557 a composite number?
True
Is 55073 a prime number?
True
Is 8147 a prime number?
True
Is 18137 a prime number?
False
Is 925233 a prime number?
False
Is 208823 composite?
True
Is 13443 a prime number?
False
Is 2723 a prime number?
False
Is 13753 a composite number?
True
Is 5006 prime?
False
Is 27179 prime?
True
Is 103559 prime?
False
Is 521615 prime?
False
Is 76343 composite?
False
Is 704441 a composite number?
False
Is 26807 a composite number?
True
Is 2621971 a composite number?
True
Is 1322257 a composite number?
False
Is 54611 a prime number?
False
Is 235153 a prime number?
False
Is 47249 composite?
True
Is 4583 a prime number?
True
Is 29615 composite?
True
Is 33753 prime?
False
Is 19561 prime?
False
Is 1032167 a prime number?
False
Is 159667 a prime number?
True
Is